{"id":21214,"date":"2023-06-14T01:21:43","date_gmt":"2023-06-14T01:21:43","guid":{"rendered":"https:\/\/ortovets.com\/2023\/?post_type=product&#038;p=21214"},"modified":"2026-05-10T15:47:31","modified_gmt":"2026-05-10T15:47:31","slug":"ferula-rigida-delantera","status":"publish","type":"product","link":"https:\/\/ortovets.com\/2023\/producto\/ferula-rigida-delantera\/","title":{"rendered":"F\u00e9rula R\u00edgida Delantera"},"content":{"rendered":"<div><span class=\" author-d-1gg9uz65z1iz85zgdz68zmqkz84zo2qowz80zsz83zz67zz74z6hz78z1z83zz85zopaalz69zz78z4z79zz84zz66z3rz122z4z89zz68z99z75z\">\u00a0Hecha de materiales lavables y resistentes con antiderrapante y material suave por dentro aportando comodidad a tu mascota o paciente<\/span><\/div>\n<div><span class=\" author-d-1gg9uz65z1iz85zgdz68zmqkz84zo2qowz80zsz83zz67zz74z6hz78z1z83zz85zopaalz69zz78z4z79zz84zz66z3rz122z4z89zz68z99z75z\">\u00a0Se pueden hacer f\u00e9rulas a la medida en casos particulares a otro costo.<\/span><\/div>\n<div><span class=\" author-d-1gg9uz65z1iz85zgdz68zmqkz84zo2qowz80zsz83zz67zz74z6hz78z1z83zz85zopaalz69zz78z4z79zz84zz66z3rz122z4z89zz68z99z75z\">\u00a0En caso de usarse con un vendaje ligero tome en cuenta esto, antes de medir.<\/span><\/div>\n<p>&nbsp;<\/p>\n<p><span style=\"font-size: 18pt;\"><strong>Ver como medir<\/strong><\/span><\/p>\n<div style=\"width: 640px;\" class=\"wp-video\"><video class=\"wp-video-shortcode\" id=\"video-21214-1\" width=\"640\" height=\"360\" preload=\"metadata\" controls=\"controls\"><source type=\"video\/mp4\" src=\"https:\/\/ortovets.com\/wp-content\/uploads\/2022\/08\/Ferula-Rigida-Delantera.mp4?_=1\" \/><a href=\"https:\/\/ortovets.com\/wp-content\/uploads\/2022\/08\/Ferula-Rigida-Delantera.mp4\">https:\/\/ortovets.com\/wp-content\/uploads\/2022\/08\/Ferula-Rigida-Delantera.mp4<\/a><\/video><\/div>\n<p>&nbsp;<\/p>\n<p>&nbsp;<\/p>\n<p>&nbsp;<\/p>\n<p>&nbsp;<\/p>\n<p>&nbsp;<\/p>\n<p>&nbsp;<\/p>\n<p><strong><span style=\"font-size: 18pt;\">Ver como poner<\/span><\/strong><\/p>\n<div style=\"width: 640px;\" class=\"wp-video\"><video class=\"wp-video-shortcode\" id=\"video-21214-2\" width=\"640\" height=\"360\" preload=\"metadata\" controls=\"controls\"><source type=\"video\/mp4\" src=\"https:\/\/ortovets.com\/wp-content\/uploads\/2022\/11\/PONER-ferula-rigida-delantera.mp4?_=2\" \/><a href=\"https:\/\/ortovets.com\/wp-content\/uploads\/2022\/11\/PONER-ferula-rigida-delantera.mp4\">https:\/\/ortovets.com\/wp-content\/uploads\/2022\/11\/PONER-ferula-rigida-delantera.mp4<\/a><\/video><\/div>\n<p>&nbsp;<\/p>\n<p>&nbsp;<\/p>\n<p>&nbsp;<\/p>\n<p>&nbsp;<\/p>\n<p>&nbsp;<\/p>\n<p>&nbsp;<\/p>\n<p>&nbsp;<\/p>\n<p>&nbsp;<\/p>\n<p>&nbsp;<\/p>\n<p>&nbsp;<\/p>\n","protected":false},"excerpt":{"rendered":"<p>F\u00e9rula que aporta inmovilizaci\u00f3n de la articulaci\u00f3n del carpo (mu\u00f1eca) y de los dedos, \u00fatil antes o despu\u00e9s de una cirug\u00eda en la que se requiera inmovilizaci\u00f3n total o en lesiones que requieran inmovilizaci\u00f3n. Es una buena alternativa al cambio de vendajes constante ya que puede quitarse y ponerse f\u00e1cil y r\u00e1pidamente. Puede usarse junto con un vendaje ligero.<\/p>\n<p><span style=\"color: #000000;\"><strong>Es importante dar periodos de descanso y revisar los puntos de contacto para evitar lesiones.<\/strong><\/span><\/p>\n<p><a href=\"#tab-description\">*Aseg\u00farate de ver el v\u00eddeo AQU\u00cd de como medir para tener la talla correcta. Cualquier duda sobre la medida antes de pedir puedes contactarnos y con gusto te atenderemos<\/a><\/p>\n<p>&nbsp;<\/p>\n<p><img fetchpriority=\"high\" decoding=\"async\" class=\"alignnone size-medium wp-image-8740 aligncenter\" src=\"https:\/\/ortovets.com\/2023\/wp-content\/uploads\/2023\/06\/nuevas-tablas-06.png\" alt=\"\" width=\"400\" height=\"500\" \/><\/p>\n<p>&nbsp;<\/p>\n","protected":false},"featured_media":22416,"comment_status":"open","ping_status":"closed","template":"","meta":{"_joinchat":[]},"product_cat":[15],"product_tag":[],"class_list":{"0":"post-21214","1":"product","2":"type-product","3":"status-publish","4":"has-post-thumbnail","6":"product_cat-productos","9":"first","10":"instock","11":"shipping-taxable","12":"purchasable","13":"product-type-variable"},"_links":{"self":[{"href":"https:\/\/ortovets.com\/2023\/wp-json\/wp\/v2\/product\/21214","targetHints":{"allow":["GET"]}}],"collection":[{"href":"https:\/\/ortovets.com\/2023\/wp-json\/wp\/v2\/product"}],"about":[{"href":"https:\/\/ortovets.com\/2023\/wp-json\/wp\/v2\/types\/product"}],"replies":[{"embeddable":true,"href":"https:\/\/ortovets.com\/2023\/wp-json\/wp\/v2\/comments?post=21214"}],"version-history":[{"count":15,"href":"https:\/\/ortovets.com\/2023\/wp-json\/wp\/v2\/product\/21214\/revisions"}],"predecessor-version":[{"id":27394,"href":"https:\/\/ortovets.com\/2023\/wp-json\/wp\/v2\/product\/21214\/revisions\/27394"}],"wp:featuredmedia":[{"embeddable":true,"href":"https:\/\/ortovets.com\/2023\/wp-json\/wp\/v2\/media\/22416"}],"wp:attachment":[{"href":"https:\/\/ortovets.com\/2023\/wp-json\/wp\/v2\/media?parent=21214"}],"wp:term":[{"taxonomy":"product_cat","embeddable":true,"href":"https:\/\/ortovets.com\/2023\/wp-json\/wp\/v2\/product_cat?post=21214"},{"taxonomy":"product_tag","embeddable":true,"href":"https:\/\/ortovets.com\/2023\/wp-json\/wp\/v2\/product_tag?post=21214"}],"curies":[{"name":"wp","href":"https:\/\/api.w.org\/{rel}","templated":true}]}}